2. Give h(q).
8
Let o be (-20)/4 + 3 - -6. Let m(x) = -x**2 + 4. What is m(o)?
-12
Let t(q) = q - 3*q + 27 + 3*q - 6*q. What is t(6)?
-3
Suppose 0 = 8*l + 747 - 787. Let o(m) be the third derivative of 0*m + 1/6*m**3 + 1/30*m**l - 3*m**2 + 0 + 1/24*m**4. Give o(-1).
2
Let a(m) be the second derivative of -m**5/20 - 7*m**4/4 - 11*m**3/3 - 24*m**2 + m - 8. Determine a(-20).
-8
Suppose 2*m - 19 = 3*p + 226, 5*m - 617 = 3*p. Let r = 129 - m. Let q(c) = -2*c + 1. Let y(a) = 2*a - 2. Let l(t) = -2*q(t) - 3*y(t). Calculate l(r).
-6
Suppose -16*b - 3*m = -11*b + 44, -b + 4*m + 5 = 0. Let f(x) be the third derivative of x**5/60 + 7*x**4/24 + 5*x**3/6 + x**2. Calculate f(b).
5
Let d(p) = -6*p**2 - 9*p - 1. Let t(b) = -b**2 + 1. Let f(k) = d(k) - 5*t(k). Let q be 2/(-6) + 120/(-18). Give f(q).
8
Suppose -p - 2 = -13. Let j(l) = -1 + p*l - 3*l - l - 8*l. What is j(-4)?
3
Let f(c) = -32 + 29 + 16*c - 12*c. Determine f(2).
5
Let n(b) = 5 + 7*b + 2*b**2 + 2*b**2 - 3*b**2. Let o = 35 + -27. Suppose 0*c - 3*c = 5*r + 13, -c = -2*r + o. Determine n(c).
-1
Let z(r) = 3*r**2 - 6*r**2 + 4*r**2 + r - 5 + 0. Calculate z(5).
25
Let t(z) = 4*z - 3 + z**3 + 6121*z**2 - 6115*z**2 + 7. Suppose -5 = 4*p + 19. Give t(p).
-20
Suppose 0 = 3*w - 3*x + 3, -2*x + 8 + 0 = 0. Suppose 0 = -w*a - 9, 0 = -3*g + 3*a - 0*a + 27. Let b(c) = -c**2 + 7*c - 7. Give b(g).
-1
Suppose 0 = -3*x + 11*x - 16. Let d(m) = -m**3 - 7*m**x - 2*m + 3*m + 3 + 0*m. Give d(-7).
-4
Let d(c) = 41*c - 6. Let b(g) = 8*g - 1. Let f(p) = 11*b(p) - 2*d(p). Suppose -7*y = -2*y - 50. Suppose -13*s = -18*s + y. What is f(s)?
13
Let r = -53 + 61. Suppose 2 = -4*v - 5*d + 4*d, 4*d + r = 4*v. Let g(l) = l - 1. Determine g(v).
-1
Let y = -18 - -12. Let c be (4*12/(-8))/(-2). Let q(o) = -3 + 0*o**3 + 10*o**2 - 8*o + o**c - 5*o**2. Give q(y).
9
Let l(a) = -a - 17. Let o = 20 - 17. Suppose 4*q + o*q + 0*q = 0. Give l(q).
-17
Let b(q) be the second derivative of -q**3/2 - q**2/2 + 248*q. What is b(-3)?
8
Let c(h) = -14*h**3 + 2*h - 1. Let n(a) = a**2 - 7*a + 11. Let f be n(6). Suppose u + 4*u - f = 0. What is c(u)?
-13
Let h(o) = -3*o - 6. Let d = -246 - -239. Give h(d).
15
Let c(k) = 121*k - 11 - 120*k - 3. Calculate c(14).
0
Let y(v) = -5*v + 11. Let m(b) = 2*b. Let g(k) = -2*m(k) - y(k). Give g(0).
-11
Suppose 2*b + 6 = 2*j, b - 3*j - 130 = -135. Let y(u) be the first derivative of -u**4/2 - 2*u**3/3 - 2*u + 1. Calculate y(b).
6
Let q(j) = -j**2 + 14*j - 8. Suppose -64*l + 761 - 57 = 0. Determine q(l).
25
Let m(p) be the third derivative of -p**5/60 + p**4/6 + p**3/6 + 3*p**2 + 13*p. Determine m(4).
1
Let c(u) be the third derivative of u**4/2 + u**3/2 - 174*u**2. What is c(6)?
75
Let k = -60 + 63. Let f(q) = -5*q**3 - 10*q**2 - 2*q + 2. Let o(l) = -4*l**3 - 9*l**2 - 3*l + 2. Let p(z) = k*f(z) - 4*o(z). What is p(-5)?
-7
Let a(u) = u**3 - 2*u**2 - 4*u - 1. Suppose 67*d - 9 = 64*d. Determine a(d).
-4
Let k = 30 + -30. Let a(r) = k + r**2 - 2*r**2 + 9*r - 6. Calculate a(5).
14
Let h(g) = -12*g + 2. Suppose 8 + 22 = 15*f. Give h(f).
-22
Suppose -2*a + a = -6. Let b(t) = a*t - t**3 + 7*t**2 - 5*t**2 + 1 - 8*t. Determine b(2).
-3
Let q(y) = -y**2 - 42*y - 118. Let t be q(-3). Let i(j) = 6*j - 1. Calculate i(t).
-7
Let q(x) = x**3 - 8*x**2 + 4*x + 22. Let v be q(7). Let m(a) = -2*a + 4*a**2 + a**2 + 1 - 3*a**2. Determine m(v).
1
Let x be (3/1)/((-3)/(-2)). Let z(s) = 2*s + 34*s**2 - s - 61*s**x. Give z(-1).
-28
Let p(t) = t**3 + 3*t**2 + 5*t - 3. Suppose -5*c - 71 + 51 = 0. Give p(c).
-39
Suppose -2*n = -2*z - 15 + 13, 21 = 3*z + 3*n. Let q(w) = w**2 - 3*w + 3. Give q(z).
3
Let t(v) = v**3 - 7*v**2 + 7*v + 5. Let n be ((-2)/(-4))/(7/(-308)). Let l = n + 28. Give t(l).
11
Let c(k) = -k**2 - 11*k - 4. Suppose -4*x - 11 = 2*w - 3, 0 = -4*w + 4*x - 28. What is c(w)?
26
Let c(a) = 2*a**2 - a - 1. Let v(t) = -25*t + 2. Let d be v(1). Let w = 26 + d. Determine c(w).
14
Suppose 0 = -3*m + 3, -g - 4*m = 2*g - 34. Let q(k) = -k**2 - 17*k - 1 + 11*k - 4 + 16*k. Calculate q(g).
-5
Let b(v) be the third derivative of -v**6/120 - v**5/12 - v**4/24 - v**3 - 93*v**2. Calculate b(-5).
-1
Let s be 26/4 + (9/(-6))/3. Suppose -3*g - 7 = 5*i, -3*g + s*g - 9 = 3*i. Let a(y) = -5*y - 1. Give a(g).
-6
Let h(w) = -w**3 + 3*w**2 + 2*w + 1. Suppose -2*l - 16 = -24. Suppose l*b = -40 + 48. Give h(b).
9
Let r(y) = y**3 - y**2 + y + 6. Let q(z) = z**2 + 5. Let w be q(6). Let a = 41 - w. Determine r(a).
6
Let c(r) be the first derivative of 5*r**4/24 + r**3/6 - 3*r**2 - 2*r - 50. Let m(k) be the second derivative of c(k). Give m(-2).
-9
Let c(s) be the first derivative of -3*s**2/2 - 17*s + 31. Let p be c(-7). Let i(b) = b**2 - b + 3. Calculate i(p).
15
Let r = 0 - -3. Suppose 0 = -s - 1 + r. Let q(i) = 3 + 9*i**2 - 4*i**2 + i**2 - 5*i**s. Determine q(0).
3
Suppose 70*f = 123*f - 318. Let h(u) be the first derivative of 1/3*u**3 - 10 - f*u + 3*u**2. Determine h(-7).
1
Let w(t) = 13*t**3 - 18*t**2 + 19*t + 12. Let n(r) = 8*r**3 - 12*r**2 + 13*r + 8. Let q(u) = -8*n(u) + 5*w(u). Determine q(-7).
10
Let x(n) = -5*n - 13 + 7*n - 12 + 9. Let r be x(11). Let i(a) = 2 - a + 0*a + 9. Give i(r).
5
Let a(d) = d**3 - 4*d**2 - 6 + 11 - 5 - d - 3. Let i be (1*-3)/(6/(-10)). Let x = -1 + i. Calculate a(x).
-7
Let o be (-5)/(-2)*242/(-55). Let s(a) = -a - 6. Give s(o).
5
Let o(x) = x**2 + x - 3. Let h be o(3). Let a(w) = 6*w - 16*w + h*w. Determine a(2).
-2
Suppose 0 = -8*y + 5*y. Suppose 2*p - 11 + 3 = y. Let d(f) = -1 - 10*f + p + 5*f. Determine d(3).
-12
Let l(p) = -6*p**2 + 2*p**2 + 2*p**2 - p**2 - 3*p + 2*p**2 + 30. What is l(4)?
2
Let g(b) = -20 - 26 - 8*b + 10*b + 75 - 11. Suppose -2*w - 2 - 12 = 0. Let v be g(w). Let o(k) = k**2 - 6*k + 1. Determine o(v).
-7
Let r(s) = -s - 2. Let l(q) = 22*q - 25. Let z be l(1). What is r(z)?
1
Suppose -2*o = -18 + 2. Let k(s) be the third derivative of -s**6/120 + 2*s**5/15 - s**4/12 + 5*s**3/3 - 255*s**2. Give k(o).
-6
Let v(y) = -y**2 + 8*y - 10. Suppose 0 = 4*u - 3*l - 16, 5*l - 6 - 7 = u. Calculate v(u).
-3
Let n(w) be the second derivative of -w**4/12 - w**3/3 + w**2 + 377*w. Determine n(2).
-6
Let x(f) = -7*f - 21. Let d(w) = 10*w + 31. Let l(j) = -5*d(j) - 7*x(j). Calculate l(-4).
-4
Let i(l) = 4*l**2 + 22 - l**2 - 4*l**2 - 73*l - 78*l + 145*l. What is i(-9)?
-5
Let z(g) be the first derivative of -g**4/4 - 2*g**3 - 7*g**2/2 - 3*g + 1. Let f(k) = -k**2 + 4*k - 5. Let i be f(4). Calculate z(i).
7
Let x(d) = -7*d - 9. Let n(u) = -u**3 + 17*u**2 - 43*u + 9. Let m be n(3). What is x(m)?
-51
Let f be (6/(-4))/((-15)/20). Let g(m) = -10*m**2 + 11*m**f + 0*m**2 - 3. Let p = 17 + -14. Determine g(p).
6
Let z(v) = v**2 + 5*v + 4. Let q = 424 + -431. Give z(q).
18
Let l(z) = z**3 - 8*z**2 - z + 8. Let i be (-2)/12*-66 + -4. Calculate l(i).
-48
Let b(y) = y - 5. Let u(l) = l**3 + 4*l**2 - 5. Let x be u(-5). Let p = -10 - x. Suppose -3*i - p = -7*i. What is b(i)?
0
Let l(b) = -6*b**2 - 6*b + 7. Let q(j) = 12*j**2 + 11*j - 13. Let r(x) = -11*l(x) - 6*q(x). Suppose 7*a - 2 - 5 = 0. Give r(a).
-5
Let t(y) = 14*y**2 + y. Let d be (-23 - -27)*1/4. Give t(d).
15
Suppose 2 = -4*n - 10. Let j be 1*(3 + 0 + n). Let a(y) = -y + 5. Determine a(j).
5
Let o(y) = 2*y - 4. Let p be o(-8). Let z = p + 26. Let x(i) = -8*i**2 + 6*i - 8. Let w(a) = -7*a**2 + 6*a - 7. Let f(u) = -7*w(u) + 6*x(u). What is f(z)?
1
Suppose -18 = -2*g + 4*g - j, -3*g = 4*j + 16. Let l = g + 3. Let w(q) be the first derivative of q**3/3 + 3*q**2/2 - 4*q + 3. Determine w(l).
6
Let l(r) = -r + 2. Let c = 26 - 29. Let x(f) = -1. Let h(d) = c*x(d) - l(d). Calculate h(-5).
-4
Let z(m) = m**2 - 4*m + 3. Let l(a) = -29*a + 494. Let b be l(17). Determine z(b).
0
Let z(x) = 3*x - 12. Let q be z(3). Let l be 38/(-6) - 1/q. Let j(i) = i**2 + 4*i - 4. Calculate j(l).
8
Let w(x) = -x**3 - 4*x**2 - 6. Suppose 3*z - 9 = -y, -1 = -2*y - z + 2. Suppose -5*g + d - 17 = -3*d, y = -2*g - d - 12. What is w(g)?
19
Let c be 2/(-6)*-3*3. Let z(m) = 0 + c*m - 6 + 5. Calculate z(-2).
-7
Let v(g) = 15*g - 2*g - 9 - 12*g - 2*g**2. Let q(z) = -z**2 + z - 5. Let k(c) = 5*q(c) - 3*v(c). Determine k(-2).
2
Let n(l) = l**2 + 12*l + 26. Let u(b) = b**2 + 11*b + 26. Let s(q) = 4*n(q) - 3*u(q). What is s(-12)?
-10
Let v(x) = 32*x + 1. Let q be v(-2). Suppose 35 = 5*s - 210. Let p be q/s + 4/14. Let n(g